ivided by q.
11
Let c = 2 + 2. Suppose -2*i - 2*i - 206 = -5*a, 171 = c*a + 3*i. What is the remainder when a is divided by 11?
9
Calculate the remainder when 82 is divided by 249/(-6)*-1 + (-6)/(-4).
39
Let c = 11 - -7. Calculate the remainder when c is divided by 10.
8
Let c = -1 - -7. Suppose -2*v - 4*g - 10 = -v, 0 = 3*v - 4*g - 50. Calculate the remainder when v is divided by c.
4
Suppose 0 = 5*g - 38 - 12. Suppose 2 = 2*i - g. Calculate the remainder when (94/3)/(i/9) is divided by 16.
15
Let p = -8 - -27. What is the remainder when 74 is divided by p?
17
Suppose 3*y = -6, -6 = -3*f + 3*y - 0. Suppose 0 = -f*p - 5*p + 55. What is the remainder when 19 is divided by p?
8
Suppose 8 + 68 = 2*q. Suppose 2 + q = 4*a. What is the remainder when 28 is divided by a?
8
Suppose 16*m = 5*m + 176. Calculate the remainder when 46 is divided by m.
14
Let o = -36 - -81. Calculate the remainder when o is divided by 16.
13
Suppose p + 5*j - 4 = 0, -4*p + 16 = -j + 4*j. Calculate the remainder when p is divided by 2.
0
Let h(v) = 10*v - 151. Let p = -16 + 28. What is the remainder when h(16) is divided by 2*(-2)/(-8)*p?
3
Let c(b) = 2*b**2 + 4*b + 3. Let g = -7 - -12. What is the remainder when c(-3) is divided by g?
4
What is the remainder when 9 is divided by 4/(2/(2/1))?
1
Let v(s) = -s**2 + 14*s - 16. Let c be v(12). Suppose -c - 20 = -2*r. Calculate the remainder when r is divided by 4.
2
Let n = 54 - 27. Suppose -11*h + 266 = 8*h. Calculate the remainder when n is divided by h.
13
Let m be -10*(6/5 - 0). Let b = -16 + 40. Let t = m + b. What is the remainder when t is divided by 7?
5
Let i(v) = v**2 + 1. Let q be i(-2). Suppose 2*b - 20 = -4*d, -4*b - q*d + 35 - 4 = 0. What is the remainder when 15 is divided by b?
3
Let d be (-10 + 1)/((-3)/(-58)). Let s = 250 + d. Calculate the remainder when s is divided by 26.
24
Suppose -3*y - 144 = -4*z, -5*y = -4*z + 6*z - 98. Let c = 33 - 23. Calculate the remainder when z is divided by c.
9
Suppose 0*o - o + 15 = 0. Let z(v) = 4*v + 4. Calculate the remainder when z(10) is divided by o.
14
Let s = 79 + -52. Suppose s = -4*z + 7. Let d = z - -9. What is the remainder when 10 is divided by d?
2
Suppose 4*k = -0*k + 32. Let w(r) = r**3 + 4*r**2 + 3*r + 1. Let y be 5/((-10)/(-4)) + -4. Calculate the remainder when k is divided by w(y).
2
Suppose 0 = 5*q + s - 65, 65 = 5*q - 4*s + 3*s. What is the remainder when 102 is divided by q?
11
Let f = 31 + -26. Let a(u) = -u**2 - 10*u - 6. What is the remainder when a(-5) is divided by f?
4
Let m(y) = y**2 + 6*y + 2. Let x be m(-6). Suppose 5*w = -x*v + 3*v + 24, 3*v = -12. Suppose 9*g - 110 = w*g. What is the remainder when 42 is divided by g?
20
Suppose 4*k - 17 = 27. Calculate the remainder when k is divided by 6.
5
Suppose -x - 2*a = -16, -2*x - 2*x + 4*a + 40 = 0. Calculate the remainder when 59 is divided by x.
11
Let b = -9 - -6. Let c be (-2 - 1)/b*-2. Let t = c - -5. What is the remainder when 4 is divided by t?
1
Suppose -w = 3*w + 8. Let q = w + 7. Suppose -2*a + 0 = -6. What is the remainder when q is divided by a?
2
Suppose 0*i + 28 = 2*i. Calculate the remainder when i is divided by 5.
4
Suppose j + 0*o - o = 15, 0 = 5*o - 10. What is the remainder when 48 is divided by j?
14
Let s(k) = -3*k - 6. Calculate the remainder when 122/6 - (-10)/15 is divided by s(-4).
3
Suppose -2*p - 3*c + 67 = -0*p, -3*p - 2*c + 103 = 0. Calculate the remainder when p is divided by 18.
17
Let m(j) = 0 - 2*j - j**3 + 0 + 6*j**2 + 4 - 3. Let u be m(4). Suppose -2*b - 3*b + u = 0. What is the remainder when 8 is divided by b?
3
Let p = -98 + 111. Calculate the remainder when 27 is divided by p.
1
Let j = 24 + -6. What is the remainder when 142/2 - 0/3 is divided by j?
17
Let u = 8 + -8. Suppose u*c + c = 4*s + 17, -5*c - 4*s + 13 = 0. What is the remainder when c is divided by 3?
2
Let t(a) = a**3 - 3*a + 8. Let f(w) = -w**3 + w**2 + 4*w - 9. Let g(i) = 4*f(i) + 5*t(i). What is the remainder when 18 is divided by g(-3)?
8
Let r = 56 + -30. Calculate the remainder when r is divided by 14.
12
Suppose -5*b = -4*w - 208, -4*b + 211 = -5*w + 41. Suppose -5*l + 0*l - b = 0. Calculate the remainder when (-180)/l - 1/2 is divided by 8.
6
Let v(a) = a**2 + 4*a - 2. Let s be v(-6). Let u be 2/5 + 36/s. Suppose 4*m - 28 = -u. What is the remainder when 17 is divided by m?
5
Suppose -18*a + 21 = -15*a. What is the remainder when 10 is divided by a?
3
Let z be (-34)/(-4)*(10 - 6). Suppose -z = -f - 5*c, 0 = -f - 3*f - c + 155. Calculate the remainder when f is divided by 20.
19
Suppose 0 = -0*k - k + 146. What is the remainder when k is divided by 37?
35
Suppose y + 3*a = 4*y + 15, 30 = -4*y + 2*a. Let p = y - -18. Suppose 3*f - 7*f + 20 = 0. Calculate the remainder when p is divided by f.
3
Suppose 0 = -3*l + 2*h - 4*h + 25, l = 2*h + 11. What is the remainder when 44 is divided by l?
8
Let u(o) = 3*o - 15. Suppose 4*w - 2*w + v - 1 = 0, 2*w + 2*v = -2. Let g be w*6 - (-2 - -4). Calculate the remainder when 43 is divided by u(g).
13
Let y be 3 + -3 - (2 - 0). Let p = -1 - y. What is the remainder when 2 is divided by p?
0
Let a(q) = q**2 + 10*q - 14. Calculate the remainder when a(-13) is divided by 14.
11
What is the remainder when 58 is divided by (1 + -7)*(-48)/18?
10
Let l be (0 - 2/1) + 14. Suppose 4*o = 5*o - l. Calculate the remainder when 0/1 + 0 - -22 is divided by o.
10
Let i = -707 - -721. Suppose 0 = 5*d - 0*d. Calculate the remainder when -1 - (-54 + (d - 0)) is divided by i.
11
Let x(i) = -14*i - 39. What is the remainder when x(-6) is divided by 17?
11
Let r be 34/4 - (-10)/(-20). Suppose -3*t - 2 = -r. Suppose -k = -t*k + 37. What is the remainder when k is divided by 10?
7
Let x(v) = -v + 6. Let i be x(6). Suppose i = -2*a - 10 - 494. What is the remainder when 2/4 - a/8 is divided by 11?
10
Suppose 4*n - 2*b - 7 = -5*b, -5*n + 9 = 4*b. Calculate the remainder when n is divided by (-4)/6 + (-15)/(-9).
0
Suppose 0*i = -i + 8. What is the remainder when 8/(-12) - (-41)/3 is divided by i?
5
Suppose 0*n - 105 = -5*n. What is the remainder when n is divided by 8?
5
Calculate the remainder when 76 is divided by 2 - -10 - (1 + -2).
11
Suppose 2*w + 0 = 16. Let q be (w/20)/((-1)/(-5)). Suppose 38 = 4*m - q*m + 4*i, 5*m - 100 = -5*i. Calculate the remainder when 41 is divided by m.
20
Let m(r) = 0 + 40*r + 3 + 1 - 3. What is the remainder when m(1) is divided by 21?
20
Suppose -90 = -8*d + 6. Calculate the remainder when 69 is divided by d.
9
Suppose 0 = 2*g + 4, -7 = -2*o - 3*g + 27. Let y = -1 - -1. Suppose x + 3*x = -4*z + 36, 2*z + 5*x - 12 = y. Calculate the remainder when o is divided by z.
9
Let d = -4 + 56. Suppose 3*f + z = 14, f = -4*f - 4*z + 28. What is the remainder when d is divided by (-2)/((f/2)/(-18))?
16
Let r(m) = m**2 - 4*m - 2. Suppose -3*f + 0*f + 30 = 0. What is the remainder when r(7) is divided by f?
9
Suppose -4*h - u = -145, -h - 38 = -2*h - 2*u. Calculate the remainder when h is divided by 19.
17
Let n be (-2)/(-2 - (-1 + -3)). Let k(x) = -17*x + 2. Calculate the remainder when k(-2) is divided by 4*((-39)/12)/n.
10
Suppose -4*j + 9*j - 370 = 0. Calculate the remainder when j is divided by 25.
24
Let i(b) be the second derivative of -b**3/6 + 7*b**2/2 - 3*b. What is the remainder when 27 is divided by i(0)?
6
Suppose -15 = 3*g - 69. Suppose -g = -2*d + 4*t - t, 2*t = 0. Calculate the remainder when 35 is divided by d.
8
Let y be (-2)/2*(-1 + 1). Suppose 3 = 3*i - 3. What is the remainder when 0 + (-2 - -4) + y is divided by i?
0
Let s(o) = 7*o**2 - 4 + 3*o - 4*o**3 + 2 + 5*o**3. Suppose 4*r = 34 + 14. Calculate the remainder when s(-4) is divided by r.
10
Let p = -25 - -86. Let f(y) = -y - 8. Let q be f(-8). Suppose -v + 2 = q, 4*v = -r - 0*v + 29. What is the remainder when p is divided by r?
19
Let o = 68 - 48. What is the remainder when 76 is divided by o?
16
What is the remainder when 67 is divided by ((-20)/(-25))/(4/70)?
11
Let s = 90 - 74. Let q(m) = 3*m**2 + 4*m - 1. What is the remainder when q(4) is divided by s?
15
Suppose 2*x - 5*x = -12. Suppose -20 = -2*y + 24. Calculate the remainder when y is divided by x.
2
Suppose -5*s = -9*s - 24. What is the remainder when (-3)/s - (-65)/2 is divided by 9?
6
Let i(t) = t**3 - 8*t**2 + 6. Let y be i